et x(q) = 978*q - 7937. Give x(8).
-113
Let u(t) = -761*t**2 - 3759*t + 254. Determine u(-5).
24
Let c(i) = 9*i**3 - 2*i**2 + 2*i + 7. What is c(-3)?
-260
Let u(s) = s**3 + 29*s**2 - 816*s - 65. What is u(19)?
1759
Let o(c) = 41892*c - 293242. Calculate o(7).
2
Let i(t) = -t**3 + 9*t**2 + 65*t - 490. Give i(13).
-321
Let h(w) = -17*w**2 + 11195*w + 50415. Determine h(663).
27
Let r(b) = -9*b**3 - 906*b**2 - 598*b + 240. Determine r(-100).
40
Let j(z) = 1187*z - 29723. Give j(25).
-48
Let t(r) = -27742*r + 55505. Determine t(2).
21
Let q(d) = 3*d**3 + 174*d**2 + 1400*d + 3031. Give q(-5).
6
Let a(w) = 91087*w - 91094. Determine a(1).
-7
Let i(r) = -15*r**2 + 1230*r - 2. Calculate i(82).
-2
Let y(z) = -3*z**2 + 10888*z + 10887. Determine y(-1).
-4
Let z(m) = -55702*m + 891221. Give z(16).
-11
Let q(c) = -c**3 + 109*c**2 - 890*c - 748. What is q(100)?
252
Let b(j) = -15035*j + 1022211. What is b(68)?
-169
Let l(a) = 4545*a + 12469. Give l(-3).
-1166
Let f(h) = h**2 - 124*h + 1070. Determine f(116).
142
Let l(d) = -d**2 + 3732*d + 1093353. What is l(-273)?
-12
Let s(d) = -9*d**3 + 20*d**2 + 40*d - 95. Calculate s(3).
-38
Let y(s) = 3*s**2 - 823*s - 394836. Determine y(525).
-36
Let r(h) = h**2 + 92*h + 290. Calculate r(-27).
-1465
Let h(x) = -10*x**2 - 480*x + 4487. What is h(8)?
7
Let i(d) = 19*d**2 - 1767*d - 5455. What is i(-3)?
17
Let q(x) = 15861*x - 11419912. Calculate q(720).
8
Let s(i) = -156704*i + 8148602. Give s(52).
-6
Let n(d) = -36200*d + 2063458. Determine n(57).
58
Let x(k) = k**3 - 20*k**2 + 36*k + 79. What is x(12)?
-641
Let w(d) = -d**2 - 549*d + 5035. Give w(9).
13
Let s(n) = -n**3 + 6*n**2 - 118*n + 13. What is s(0)?
13
Let h(o) = -o**2 - 2092*o - 309114. Give h(-160).
6
Let y(f) = 317*f + 3829. Give y(-10).
659
Let y(n) = n**2 - 124526*n + 1245159. What is y(10)?
-1
Let y(a) = -9767*a - 927838. What is y(-95)?
27
Let z(p) = 2*p**2 - 28973*p + 463062. Determine z(16).
6
Let z(x) = 6078*x + 619943. What is z(-102)?
-13
Let s(g) = -267*g**2 + 16821*g - 36. Calculate s(63).
-36
Let d(q) = 3*q**2 - 166*q - 277. Give d(70).
2803
Let i(g) = -g**2 + 4628*g - 92157. What is i(20)?
3
Let g(i) = i**3 - 139*i**2 - 725*i - 42. What is g(144)?
-762
Let b(d) = -8*d**2 - 4311*d + 26687. What is b(-545)?
-18
Let v(n) = n**3 + 363*n**2 + 526*n + 59366. What is v(-362)?
-2
Let w(l) = -14*l**2 - 524*l + 525. What is w(1)?
-13
Let v(p) = -183438*p + 4585946. Determine v(25).
-4
Let r(x) = -6*x**3 - 434*x**2 - 600*x - 2261. Determine r(-71).
11
Let p(u) = -2*u**2 + 24029*u - 383948. What is p(16)?
4
Let i(b) = 3*b**3 + 7*b**2 + 12451*b + 37343. Calculate i(-3).
-28
Let j(m) = -m**3 + 267*m**2 + 278*m - 2682. Determine j(268).
-2
Let x(o) = 1891*o - 149385. What is x(79)?
4
Let f(y) = -y**3 + 702*y**2 - 2188*y + 285. Give f(3).
12
Let p(t) = -5*t**3 + 650*t**2 + 1970*t - 8. Calculate p(-3).
67
Let b(z) = 1475*z + 22154. Calculate b(-13).
2979
Let c(g) = 825*g + 278. Give c(-3).
-2197
Let r(f) = 33*f + 3115. Give r(-145).
-1670
Let g(c) = 1940*c - 545139. Determine g(281).
1
Let r(y) = -367*y - 4785. Determine r(-13).
-14
Let t(v) = -2041*v + 6439. Determine t(3).
316
Let c(a) = 224*a + 813. Give c(-2).
365
Let y(j) = 3*j**3 + 73*j - 15. Give y(0).
-15
Let r(u) = -168*u**2 - 5739*u - 84. What is r(-34)?
834
Let y(g) = -60004*g - 2040220. Give y(-34).
-84
Let j(h) = 41*h**3 + 85*h**2 - 10*h + 11. Give j(3).
1853
Let a(n) = -7*n**2 + 59*n + 159. Determine a(14).
-387
Let h(f) = 3*f**2 - 114*f - 25429. Give h(113).
-4
Let y(v) = 414*v - 8817. Determine y(21).
-123
Let k(v) = -6*v**3 - 20*v**2 - 75*v - 368. Calculate k(-4).
-4
Let u(c) = 3*c**2 - 8937*c - 26828. Calculate u(-3).
10
Let o(m) = 5369*m - 44302. Calculate o(8).
-1350
Let u(j) = -7*j**2 + 1147*j + 368. What is u(164)?
204
Let d(w) = 4*w**3 - 100*w**2 + 50*w - 1262. Calculate d(25).
-12
Let r(u) = -96*u**2 + 296*u + 40. Determine r(3).
64
Let c(s) = 3*s**3 - 657*s**2 - 805*s + 31900. What is c(220)?
0
Let q(v) = 2*v**2 - 321*v + 4071. Determine q(13).
236
Let x(u) = u**3 - 18*u**2 + 51*u + 284. Determine x(13).
102
Let u(w) = 15296*w - 367026. Determine u(24).
78
Let b(l) = 2*l**3 - 73*l**2 + 58*l - 783. What is b(36)?
9
Let k(t) = -t**3 + 58*t**2 + 105*t + 619. Give k(60).
-281
Let a(c) = 2*c**3 + 64*c**2 - 2*c - 56. Calculate a(-32).
8
Let u(i) = -4*i**2 + 4703*i + 14132. Calculate u(-3).
-13
Let p(u) = -u**3 + 128*u**2 + 1518*u + 1522. Calculate p(139).
-7
Let l(h) = -4*h**3 + 78*h**2 - 41*h + 865. Give l(19).
808
Let f(l) = -5*l**2 - 244*l + 1547. Determine f(-49).
1498
Let v(c) = -51*c**2 - 504*c - 75. Give v(-9).
330
Let s(g) = 4*g**3 + 713*g**2 + 102*g - 13453. What is s(-178)?
75
Let f(v) = -6421*v - 38166. Calculate f(-6).
360
Let m(w) = -w**2 - 1822*w + 293661. Determine m(149).
-18
Let h(i) = 49*i**3 + 267*i**2 - 4*i - 21. Give h(-5).
549
Let u(w) = -27506*w + 1347777. Give u(49).
-17
Let k(n) = -2*n**3 - 83*n**2 - 95*n - 2227. What is k(-41)?
-13
Let i(f) = -16373*f - 409323. Give i(-25).
2
Let a(h) = 4*h**3 + 10*h**2 - 7105*h - 21295. Calculate a(-3).
2
Let d(h) = 2*h**3 - 19*h**2 - 43. Give d(10).
57
Let a(g) = 2*g**2 - 64*g - 38733. Determine a(154).
-1157
Let u(q) = -6*q**2 + 349*q + 70. Determine u(56).
798
Let p(n) = -490*n + 97018. Determine p(198).
-2
Let s(i) = -2*i**3 + 20*i**2 - 403*i + 2191. Give s(6).
61
Let i(v) = v**3 - 26*v**2 + 7*v + 393. What is i(0)?
393
Let z(i) = -15*i**2 + 461*i - 6706. Determine z(16).
-3170
Let d(v) = v**2 - 644*v - 21626. Give d(-32).
6
Let g(m) = -122*m - 1934. What is g(-16)?
18
Let o(g) = 35*g**2 + 18180*g - 18218. Calculate o(1).
-3
Let v(m) = -10*m**3 - 5*m**2 - 19*m + 33. Determine v(2).
-105
Let h(i) = -1808*i - 41378. What is h(-24)?
2014
Let q(o) = o**3 - 71*o**2 + 76*o + 1630. Give q(70).
2050
Let s(d) = -604*d - 60532. What is s(-99)?
-736
Let h(o) = 27*o**3 - 3*o**2 - 7*o - 6. What is h(-2)?
-220
Let y(w) = 130986*w - 10347895. What is y(79)?
-1
Let q(y) = -58465*y - 467729. Give q(-8).
-9
Let i(a) = -2*a**3 + 360*a**2 + 379*a - 2937. What is i(181)?
140
Let h(a) = -3*a**3 + 319*a**2 + 1195*a + 1561. Calculate h(110).
-89
Let l(j) = 51*j + 1283. Determine l(-35).
-502
Let n(s) = -838*s - 46995. Calculate n(-56).
-67
Let b(s) = 916*s - 19275. Calculate b(21).
-39
Let j(s) = 349*s - 885. Calculate j(0).
-885
Let p(n) = 7*n**2 + 3201*n + 75623. What is p(-25)?
-27
Let h(y) = 5*y**3 - 125*y**2 - 151*y + 540. What is h(26)?
-6
Let f(z) = -968*z**2 - 5*z - 14. Give f(-1).
-977
Let q(p) = -1448*p - 19302. Determine q(-13).
-478
Let f(h) = -1051*h - 32456. Determine f(-34).
3278
Let v(o) = -o**2 + 54*o + 387. Give v(0).
387
Let n(h) = 76419*h + 917034. Determine n(-12).
6
Let i(w) = 23*w**2 - 37843*w - 113533. What is i(-3)?
203
Let h(s) = -7*s**2 - 1533*s + 1659. What is h(-220)?
119
Let j(v) = -v**3 - 28*v**2 - 264*v - 4019. What is j(-24)?
13
Let o(a) = 2*a**3 - 112*a**2 - 709*a + 217. What is o(-6)?
7
Let t(u) = -u**3 + 365*u**2 - 12425*u - 5. Give t(38).
33
Let z(q) = -8427*q + 16914. Calculate z(2).
60
Let j(h) = -1954*h**2 + 171*h + 6. Give j(1).
-1777
Let j(s) = s**2 - 3556*s + 247461. What is j(71)?
26
Let t(b) = -32*b**2 - 1409*b - 121. Determine t(-44).
-77
Let o(g) = 78*g - 8583. Calculate o(112).
153
Let t(d) = d**2 + 17956*d + 71809. Determine t(-4).
1
Let a(q) = -2*q**3 - 9*q**2 - 2*q - 202. What is a(0)?
-202
Let s(a) = 334629*a - 6357953. Determine s(19).
-2
Let w(l) = -142*l - 15541. What is w(-65)?
-6311
Let p(f) = 233093*f - 6526609. Determine p(28).
-5
Let h(p) = -p**3 - 819*p**2 - 2473*p - 20445. Give h(-816).
-45
Let o(j) = j**3 + 14*j**2 + 104*j + 917. Determine o(-11).
136
Let w(t) = 1371*t - 781464. What is w(570)?
6
Let v(l) = -4223*l + 1477. Calculate v(1).
-2746
Let q(b) = -b**3 + 68*b**2 - 166*b + 998. What is q(66)?
-1246
Let q(d) = 8*d**2 + 20*d. Determine q(-23).
3772
Let c(o) = -2114*o**2 + 12469*o + 1306. Give c(6).
16
Let t(g) = -4*g**3 + 4378*g**2 - 2343*g + 169578. What is t(1094)?
8
Let v(b) = b**3 + 211*b**2 - 250*b - 1945. Give v(-212).
6111
Let m(h) = -3*h**2 + 407*h + 3544. Determine m(144).
-56
Let b(l) = l**2 + 164922*l + 2968265. What is b(-18)?
-7
Let i(x) = x**3 + 11*x**2 + 4066*x + 36535. What is i(-9)?
103
Let l(n) = n**3 - 160*n**2 + 2743*n - 44562. Give l(143).
54
Let r(c) = -227